 highest common divisor of 60488340 and 74.
74
What is the highest common factor of 11 and 71813379?
11
Calculate the greatest common divisor of 35915174 and 558.
62
Calculate the greatest common factor of 11572521 and 413466.
1509
Calculate the highest common divisor of 450 and 2373075.
225
What is the greatest common factor of 2948 and 1879548?
44
What is the highest common factor of 14722878 and 7170?
1434
What is the highest common factor of 9346572 and 36?
36
Calculate the greatest common divisor of 783009 and 456.
57
Calculate the highest common factor of 37268 and 5829901.
847
What is the highest common factor of 97228688 and 2872?
2872
Calculate the greatest common factor of 152586 and 209503.
1211
What is the greatest common divisor of 287927211 and 6?
3
What is the greatest common divisor of 2004 and 1052886?
6
What is the highest common factor of 334 and 350170?
2
What is the highest common factor of 17755 and 140365?
335
Calculate the highest common factor of 288343089 and 4779.
531
Calculate the highest common divisor of 575 and 136941793.
23
What is the greatest common factor of 2226460 and 80?
20
Calculate the greatest common factor of 63624 and 3288.
24
What is the greatest common divisor of 13041391 and 25498?
209
What is the greatest common factor of 936 and 7597278?
234
What is the greatest common divisor of 156 and 13547868?
12
What is the highest common divisor of 1499802624 and 5120?
1024
What is the greatest common divisor of 1879498658 and 2489?
2489
What is the highest common factor of 6136 and 153256?
8
What is the highest common factor of 1897005 and 660?
165
What is the greatest common factor of 120 and 7745592?
24
Calculate the greatest common factor of 8885430 and 285.
15
Calculate the highest common factor of 537425 and 2300.
25
Calculate the highest common divisor of 259880 and 60391840.
3560
Calculate the greatest common factor of 26750590 and 33878.
2606
What is the greatest common factor of 62586018 and 594?
198
Calculate the greatest common factor of 189 and 578046.
21
What is the greatest common factor of 70619016 and 351?
39
What is the highest common factor of 136485096 and 440?
88
What is the highest common factor of 77111 and 8899673?
2659
Calculate the highest common divisor of 1814 and 699397677.
907
What is the greatest common factor of 52191729 and 98523?
1107
Calculate the greatest common divisor of 292 and 434724.
4
Calculate the greatest common divisor of 312 and 1555920.
24
Calculate the greatest common factor of 7750 and 12360875.
125
Calculate the greatest common factor of 90775956 and 15530.
3106
What is the highest common divisor of 175140 and 134316?
252
Calculate the greatest common divisor of 5981445 and 3420.
45
Calculate the greatest common factor of 7044 and 153684.
12
What is the greatest common factor of 19351953 and 173?
173
What is the highest common factor of 928 and 3527168?
32
What is the highest common factor of 69498 and 455382?
486
Calculate the highest common factor of 1722 and 595392.
42
Calculate the highest common factor of 68715 and 13890.
15
What is the greatest common divisor of 73759 and 80647?
287
What is the highest common factor of 94554629 and 6851?
221
Calculate the highest common divisor of 1098 and 22323804.
366
What is the highest common factor of 1386 and 14272874?
154
What is the greatest common factor of 368 and 2892940?
92
What is the highest common factor of 474520 and 17000?
40
What is the greatest common divisor of 117 and 10413351?
117
What is the greatest common divisor of 1062624 and 8688?
48
What is the highest common divisor of 38628 and 636579?
261
Calculate the greatest common divisor of 314 and 15341726.
314
Calculate the greatest common divisor of 140887236 and 60.
12
What is the highest common divisor of 6566 and 6085744?
938
Calculate the highest common factor of 9264 and 29715824.
3088
Calculate the greatest common factor of 3774495 and 435.
435
Calculate the greatest common divisor of 8938 and 1032626.
82
What is the greatest common divisor of 938 and 1014782?
134
Calculate the greatest common factor of 13715 and 178490.
65
What is the highest common divisor of 443823 and 68709?
1857
Calculate the highest common divisor of 114 and 5176702.
38
Calculate the greatest common divisor of 6454336 and 448.
448
Calculate the highest common divisor of 735709 and 479376.
3329
What is the greatest common factor of 858 and 48510418?
22
Calculate the highest common factor of 80454 and 243892.
506
Calculate the highest common divisor of 1827571 and 64777.
307
Calculate the greatest common factor of 47601 and 15738.
129
What is the highest common divisor of 173945 and 448495?
95
Calculate the highest common factor of 1396 and 245477177.
349
Calculate the highest common factor of 462 and 24148614.
42
What is the highest common divisor of 26294080 and 74930?
1270
What is the highest common factor of 53803667 and 23089?
2099
Calculate the highest common divisor of 5856 and 4001376.
96
Calculate the highest common divisor of 14 and 46638186.
14
What is the greatest common divisor of 1820247 and 205491?
429
What is the highest common divisor of 247220918 and 14?
14
Calculate the highest common factor of 8798354 and 10086.
3362
What is the greatest common divisor of 41041216 and 192?
64
What is the highest common factor of 10185 and 177418335?
1455
Calculate the highest common divisor of 147746 and 305412.
62
What is the greatest common divisor of 28427 and 40163290?
4061
What is the greatest common divisor of 29355 and 101352?
309
What is the greatest common factor of 1561 and 62147647?
223
Calculate the highest common factor of 35 and 4786910.
5
Calculate the highest common divisor of 13916 and 436884.
196
What is the highest common factor of 1755 and 149533605?
585
Calculate the highest common divisor of 366 and 943914.
366
What is the highest common factor of 712469 and 138037?
619
What is the greatest common divisor of 227100 and 616500?
300
Calculate the highest common factor of 3050 and 193850.
50
Calculate the greatest common factor of 294 and 105630868.
98
What is the greatest common divisor of 32257973 and 1?
1
Calculate the highest common divisor of 726 and 74857618.
242
Calculate the highest common divisor of 51863867 and 3905.
781
Calculate the greatest common factor of 4097 and 31.
1
Calculate the highest common divisor of 26262382 and 68.
34
What is the highest common divisor of 463578 and 96?
6
Calculate the greatest common factor of 3877302 and 858.
858
Calculate the highest common divisor of 230 and 164109025.
115
Calculate the greatest common factor of 46675698 and 6.
6
Calculate the greatest common factor of 265933 and 444977.
2633
What is the highest common divisor of 1746819 and 837?
837
What is the highest common factor of 26 and 1087126924?
26
Calculate the greatest common divisor of 14036583 and 1023.
1023
What is the highest common divisor of 656 and 17392816?
16
What is the highest common divisor of 1434362 and 279950?
1018
What is the highest common factor of 168 and 37353372?
84
Calculate the highest common factor of 25715280 and 690.
30
What is the greatest common factor of 35945 and 67865?
35
What is the greatest common divisor of 2437042694 and 23?
23
What is the highest common factor of 150 and 46409100?
150
What is the greatest common factor of 155293827 and 3978?
663
What is the greatest common divisor of 750320 and 188032?
1808
Calculate the greatest common factor of 2607313 and 16359.
779
What is the highest common divisor of 38070 and 7510788?
846
What is the greatest common divisor of 67790980 and 2900?
580
Calculate the greatest common divisor of 58 and 12800687.
29
What is the highest common divisor of 44905446 and 208530?
5958
What is the highest common divisor of 6313706 and 210?
14
What is the greatest common factor of 14028642 and 1476?
738
Calculate the highest common factor of 68060052 and 10108.
1444
What is the greatest common divisor of 62 and 274902513?
31
Calculate the greatest common factor of 21 and 1345092.
21
Calculate the highest common divisor of 161 and 78424871.
161
Calculate the greatest common factor of 792 and 1642752.
72
Calculate the greatest common divisor of 38650755 and 481.
481
Calculate 